
20
Let h(x) = -496*x + 112081. What is h(224)?
977
Let j(o) = -12*o**2 - 2877*o - 40339. Calculate j(-14).
-2413
Let t(y) = 113*y**2 - 85*y - 221. What is t(5)?
2179
Let t(r) = 119*r**3 + 10830*r**2 + 78*r - 1181. What is t(-91)?
2
Let h(q) = -3*q**3 + 202*q**2 - 83*q - 286. Give h(67).
-1358
Let u(c) = -c**2 + 94*c + 29519. What is u(225)?
44
Let n(o) = 3*o**3 + 662*o**2 - 4280*o + 7495. Calculate n(-227).
4
Let d(i) = 4957*i + 307333. Determine d(-62).
-1
Let k(g) = 13*g**2 + 819*g - 41169. Determine k(-96).
15
Let n(p) = p**3 + 496*p**2 - 2474*p + 8. What is n(5)?
163
Let c(m) = 7*m**3 - 44*m**2 - 4*m - 14. What is c(6)?
-110
Let h(w) = 7*w**2 - 429*w - 61145. Calculate h(129).
1
Let k(y) = -5*y**3 + 5*y**2 - 231*y - 774. Calculate k(-3).
99
Let o(z) = 583*z**3 - 2*z**2 + 8*z - 8. What is o(1)?
581
Let y(l) = 29*l**2 + 4433*l - 643. Determine y(-153).
-31
Let q(o) = -2724*o**2 + 21954*o - 1301. Calculate q(8).
-5
Let n(c) = 15*c**2 - 5664*c + 343824. Give n(76).
0
Let a(g) = -g**2 + 4688*g - 794107. Give a(176).
5
Let i(y) = y**3 + 45*y**2 - 1422*y + 704. Calculate i(21).
-52
Let a(z) = -2*z**2 - 174*z + 4617. Give a(-111).
-711
Let u(n) = -2*n**3 + 107*n**2 - 103*n + 1618. Give u(53).
-1032
Let a(l) = 13*l**2 + 27*l - 492. Give a(-18).
3234
Let q(n) = 1260*n + 37159. Give q(-30).
-641
Let w(d) = 676*d**2 - 99*d - 336. Calculate w(-3).
6045
Let s(r) = -9714*r - 1670660. Determine s(-172).
148
Let p(y) = -1682*y - 23712. What is p(-15)?
1518
Let g(j) = -11991*j - 647512. Determine g(-54).
2
Let w(h) = h**3 - 52*h**2 - 7684*h + 394418. Calculate w(51).
-67
Let k(i) = -i**3 + 29*i**2 - 35*i + 81. Calculate k(28).
-115
Let u(w) = -146027*w - 8177514. Determine u(-56).
-2
Let m(p) = -12*p**2 + 801*p - 7904. Calculate m(12).
-20
Let j(s) = -12219*s + 120034. Give j(10).
-2156
Let k(h) = 173*h + 14824. Calculate k(-86).
-54
Let y(g) = 86*g**2 + 205*g - 1000. Determine y(-5).
125
Let z(h) = 555*h + 3062. What is z(-5)?
287
Let d(t) = -t**3 - 37*t**2 + 403*t + 14905. Calculate d(-37).
-6
Let i(s) = 72324*s - 289319. Calculate i(4).
-23
Let l(m) = m**2 + 30*m - 2288. Calculate l(35).
-13
Let t(f) = -14*f**2 - 2480*f + 63967. Determine t(-200).
-33
Let h(g) = -4*g**3 + 231*g**2 + 31*g - 868. Determine h(58).
-2434
Let h(y) = 15*y**2 - 2829*y - 6910. Give h(191).
-34
Let j(l) = -4828*l - 236340. What is j(-49)?
232
Let h(s) = 498*s - 349. Calculate h(1).
149
Let a(t) = -t**2 - 16457*t - 1781925. What is a(-109)?
7
Let o(b) = 2*b**2 + 339*b + 9743. What is o(-131)?
-344
Let x(m) = -2*m**2 + 1467*m - 269202. What is x(362)?
-236
Let k(i) = 2*i**2 - 152*i - 43936. Give k(-115).
-6
Let d(k) = 3420*k - 37563. Determine d(11).
57
Let n(v) = -389*v - 8151. Calculate n(-21).
18
Let d(j) = 2*j**3 - 284*j**2 + 440*j - 22287. Calculate d(141).
-9
Let w(b) = -7*b**3 - 95*b**2 + 2430*b - 151. Determine w(13).
5
Let g(i) = 21*i - 557. Give g(29).
52
Let r(d) = 198854*d + 795349. Determine r(-4).
-67
Let o(y) = -3*y**3 - 565*y**2 - 18850*y + 43. Determine o(-145).
43
Let m(n) = -2021*n + 42515. What is m(21)?
74
Let z(x) = 58*x**2 + 231*x + 1539. What is z(-6)?
2241
Let p(x) = -2*x**3 + 2*x**2 + 5226*x + 10437. What is p(-2)?
9
Let v(x) = x**3 + 89*x**2 + 1171*x - 4074. Calculate v(-20).
106
Let i(m) = 2*m**3 - 23*m**2 - 5543*m + 28028. Give i(5).
-12
Let r(w) = 2786*w - 50107. Calculate r(18).
41
Let q(y) = 2*y**3 + 128*y**2 - 12*y - 737. Determine q(-64).
31
Let l(q) = 2*q**2 - 1172*q + 154032. What is l(199)?
6
Let m(j) = -2008*j - 90339. Determine m(-45).
21
Let v(q) = 3*q**2 - 1157*q + 20340. Give v(18).
486
Let p(m) = 76*m**2 + 1866*m + 2777. Calculate p(-23).
63
Let k(d) = 736*d + 6516. Determine k(-8).
628
Let r(b) = -5*b**2 - 293*b + 641. What is r(-59)?
523
Let v(k) = 22843*k**2 + 137055*k - 20. Calculate v(-6).
-2
Let o(t) = -58*t**3 - 39*t**2 + 475*t + 1897. Calculate o(-4).
3085
Let l(p) = -5053*p + 469962. Determine l(93).
33
Let q(k) = 3932*k - 23013. What is q(6)?
579
Let b(a) = 28*a**2 + 5297*a + 11447. Give b(-187).
40
Let l(r) = r**2 - 3047*r + 120211. Calculate l(40).
-69
Let t(h) = 453*h + 32407. What is t(-75)?
-1568
Let s(n) = -667*n**3 - 15*n**2 + 8*n + 55. Calculate s(2).
-5325
Let c(y) = y**2 - 1480*y - 111733. What is c(-72)?
11
Let a(d) = d**3 + 18*d**2 + 166*d + 1296. Determine a(-13).
-17
Let x(b) = -47*b**2 + 5168*b + 62802. Calculate x(121).
3
Let a(n) = -2*n**3 - 104*n**2 - 257*n - 2841. Give a(-50).
9
Let p(i) = -4*i**2 - 988*i - 53595. What is p(-81)?
189
Let z(k) = k**2 - 4032*k + 16144. Determine z(4).
32
Let g(u) = 82*u**2 + 118*u + 699. What is g(-6)?
2943
Let t(z) = 3*z**2 - 102*z - 2054. Determine t(-17).
547
Let x(f) = -2*f**2 + 399*f - 14698. Calculate x(151).
-51
Let q(m) = -406*m - 20345. Give q(-56).
2391
Let v(s) = 304*s + 14043. What is v(-44)?
667
Let w(z) = 17*z**2 - 541*z - 3910. Determine w(-6).
-52
Let v(b) = -b**3 - 56*b**2 + 3075*b + 1466. Give v(-90).
116
Let r(a) = 278*a + 85926. Calculate r(-309).
24
Let n(b) = 118*b + 15536. Calculate n(-131).
78
Let p(n) = -318*n - 11133. What is p(-35)?
-3
Let a(m) = 6*m**3 + 60*m**2 - 57*m - 315. Calculate a(-10).
255
Let a(t) = -21332*t + 213595. Give a(10).
275
Let i(g) = 35807*g + 1110030. Give i(-31).
13
Let d(s) = -14*s**2 - 691*s - 159. Determine d(-49).
86
Let v(b) = -2*b**3 - 507*b**2 - 222*b + 8062. Determine v(-253).
219
Let s(f) = 17977*f - 251690. Give s(14).
-12
Let r(u) = -12*u**2 - 42799*u - 342244. What is r(-8)?
-620
Let u(v) = -68*v - 439. Determine u(-19).
853
Let a(b) = 713*b**2 + 11411*b + 14. Give a(-16).
-34
Let x(r) = 3*r**3 + 5*r**2 + 17*r - 18. Determine x(1).
7
Let l(h) = -h**3 + 95*h**2 - 554*h - 5480. Determine l(88).
-24
Let k(y) = 2*y**2 - 127*y - 13893. Calculate k(-59).
562
Let j(t) = -9*t**2 - 476*t - 3549. Calculate j(-9).
6
Let i(j) = 49*j**2 - 24247*j - 3965. Determine i(495).
-5
Let f(u) = -38*u**2 + 11639*u + 8261. Determine f(307).
-28
Let r(i) = 14*i**3 + 12*i**2 + 84*i + 494. What is r(-7)?
-4308
Let u(f) = f**3 + 8*f**2 - 297*f - 2757. Calculate u(-10).
13
Let o(m) = 1092*m - 154650. Give o(140).
-1770
Let x(z) = -30472*z - 182831. Give x(-6).
1
Let q(z) = -334*z**2 - 286572*z - 100. What is q(-858)?
-100
Let z(a) = 26*a**3 - 4082*a**2 + 21*a - 3308. Give z(157).
-11
Let v(o) = 63*o - 3441. Calculate v(56).
87
Let u(v) = -3*v**2 - 163*v + 674. Give u(-62).
-752
Let b(k) = 4*k**3 - 6*k**2 + 7441*k - 45286. Calculate b(6).
8
Let v(r) = -36*r**3 - 357*r**2 - 6*r + 30. Give v(-10).
390
Let z(n) = 45941*n - 781003. Determine z(17).
-6
Let m(b) = b**3 - 13*b**2 - 136*b - 195. What is m(21)?
477
Let j(d) = -2*d**2 + 1432*d - 21158. What is j(15)?
-128
Let d(w) = 124*w - 14180. Give d(118).
452
Let j(i) = -243*i + 74557. Give j(307).
-44
Let j(h) = 270*h**3 + 19*h**2 + 4*h - 16. Calculate j(1).
277
Let q(k) = -6*k**2 - 585*k + 179555. Determine q(131).
-46
Let h(w) = 61442*w + 491619. What is h(-8)?
83
Let h(c) = -c**2 + 847*c + 11081. Calculate h(-13).
-99
Let f(z) = 5*z**2 + 9587*z + 76446. Calculate f(-8).
70
Let o(c) = 1113*c + 19450. Give o(-16).
1642
Let m(l) = -99*l**2 - 13173*l - 807. Determine m(-133).
-9
Let o(c) = 1027*c + 87350. Determine o(-85).
55
Let a(k) = -541*k + 76822. Determine a(142).
0
Let a(i) = -1781*i - 1645. Give a(-1).
136
Let d(g) = -2*g**3 - 386*g**2 - 3658*g + 373. Calculate d(-183).
7
Let k(n) = 49716*n + 348168. Calculate k(-7).
156
Let g(q) = q**2 + 98*q + 674. What is g(-96)?
482
Let i(a) = -80*a - 22546. What is i(-282)?
14
Let h(w) = 5*w**2 + 9*w - 363. Determine h(6).
-129
Let g(c) = -5*c**3 + 183*c**2 + 114*c - 130. Determine g(37).
1350
Let f(u) = -2*u**2 - 587*u - 19202. Give f(-256).
-2
Let j(f) = 31129*f - 9245264. Calculate j(297).
49
Let d(k) = -1320*k - 27553. Determine d(-21).
167
Let h(f) = -49*f + 4345. Calculate h(95).
-310
Let b(f) = 103780*f + 1452916. Give b(-14).
-4
Let r(b) = -513*b + 22104. What is r(43)?
45
Let z(l) = 3877*l + 275263. Determine z(-71).
-4
Let c(a) = -a**3 + 28*a**2 + 13*a - 3413. Calculate c(17).
-13
Let o(w) = 24*w**2 - 390*w - 5438. What is o(-9)?
16
Let x(u) = 2*u**3 + 76*u**2 + 328*u - 79. What is x(-33)?
-13
Let m(h) = 11*h**2 + 134*h - 339. What is m(-14)?
-59
Let o(r) = -2*r**3 - 913*r**2 + 7382*r + 148. Determine o(8).
-252
Let i(r) = 12*r**3 - 89*r**2 